*2 - 10*u - 5. Let f(b) = -2*b**2 - 21*b - 9. Let r(z) = -3*f(z) + 5*q(z). List the prime factors of r(-17).
2, 5, 7
List the prime factors of (18/3 + -17)*((-1585)/1 + 0).
5, 11, 317
Suppose -2*r + 1055 = -3*u, r + u = -3*r + 2131. Let f = 948 - r. List the prime factors of f.
2, 13
Suppose -5*r + 3*b + 29226 = -10730, 0 = -r - 4*b + 7982. What are the prime factors of r?
2, 5, 17, 47
Suppose -270*g + 239*g + 1178155 = 0. What are the prime factors of g?
5, 11, 691
Let w(x) = -3*x**2 - 5*x - 12. Suppose -4*j - 6 = -5*n, 14 = -5*n + 4. Let t be w(j). List the prime factors of -4 + t*6/(-4).
2, 7
Suppose -3*t + 10599 + 6546 = 0. List the prime factors of t/5*(-4)/(-18).
2, 127
Let l = 435 + -1474. List the prime factors of ((l + -1)/(-4))/2.
2, 5, 13
Let q be ((-2)/2*-2)/((-6)/309). Let x = 253 + q. Suppose 3*a - x = -0*a. What are the prime factors of a?
2, 5
Suppose -60*t - 17*t = -414568. List the prime factors of t.
2, 673
Suppose -5*d + q = -q - 53876, -3*d = -3*q - 32331. What are the prime factors of d?
2, 5387
Let w = 13820 + 382. What are the prime factors of w?
2, 3, 263
Let p(t) be the third derivative of 97*t**5/20 - 17*t**4/24 + 5*t**3/2 + 7*t**2 - t. What are the prime factors of p(2)?
5, 229
Let y be -10*(-1)/(-2) + -207. Let f = y - -272. List the prime factors of f.
2, 3, 5
Let z(w) = 216*w + 41. Let k be z(13). Suppose -k - 8283 = -22*s. What are the prime factors of s?
2, 11, 23
Let j(s) = s**2 - 4*s + 2. Let r be j(4). Suppose d - 6 = 4*a, -r*d + 3*a = -11 - 1. List the prime factors of (-442)/(-4) - d/4.
109
Let j(k) = -22*k**2 - 79*k - 45. Let p(u) = 5*u**2 + 20*u + 11. Let a(f) = 2*j(f) + 9*p(f). List the prime factors of a(13).
2, 29
Suppose -3*c + 3*a = -13581, 6*a = 4*c + a - 18101. List the prime factors of c.
2, 2267
Let k = 52115 + -5839. What are the prime factors of k?
2, 23, 503
Let r be 10/65 + (3 - 21015/(-39)). Suppose 30*w - r = 29*w. Suppose 5*o - w = -0*p + 3*p, -4*o = p - 420. List the prime factors of o.
2, 53
Suppose 0 = 5*i - i + 3*p + 43, 0 = 5*p + 5. Let b be ((-12)/i)/(-6) + (-11)/(-5). Suppose -b*a + 5*a - 261 = 0. List the prime factors of a.
3, 29
Suppose 0*i = -3*l + 4*i + 14, -2*l + 12 = -4*i. Suppose -5*u - 1309 = -l*f, -2*f + 1312 = 3*u - 7*u. List the prime factors of f.
2, 331
Let t(r) = r**3 + 12*r + 0*r**2 + 29 - 2*r**3 + r**2 - 8*r**2. Let g be t(-8). What are the prime factors of g/(-12)*(-88)/(-2)?
11
Suppose 4*f - 510 - 1805 = -3*u, 4*u = 2*f - 1152. Let w = -277 + f. List the prime factors of w.
7, 43
Let f = 38 + -35. Let j(c) = -2*c**3 - 9*c**2 + 11*c + 2. Let g be j(-9). Suppose 2*s - g = -5*w, -s + 0*s = f*w - 379. What are the prime factors of w?
2, 3, 7
Suppose -2751943 = -587*w + 1544310. What are the prime factors of w?
13, 563
Let a(k) = k**2 + 3*k - 16. Let x be a(8). Let d be 48/x - ((-2)/(-6))/(-1). What are the prime factors of d/(-1 - -2) + 69?
2, 5, 7
Let s be 7 - 3/(15/20). Suppose 0 = -4*g - 3*a + 17, s*a - 2 = -g - 0*g. Let x(i) = -i**2 + 13*i - 8. List the prime factors of x(g).
2
Let i = 994 - 838. What are the prime factors of -2 + (i - 5) + -8?
3, 47
Let j = 54 + -44. Suppose -j*b - 157 + 17 = 0. Let f(q) = -9*q - 44. List the prime factors of f(b).
2, 41
What are the prime factors of ((-2366)/(-35)*5)/((-4)/(-106))?
13, 53
Suppose 8*d + 0 - 40 = 0. Suppose d*o + 6*o = 4334. List the prime factors of o.
2, 197
Let w(t) = t**3 - 11*t**2 + 9*t + 2. Suppose 0 = p - 11 + 1. Let r be w(p). What are the prime factors of 12*r/(-30)*200/16?
2, 5
Suppose -153*a + 5*a = -2060422 - 494354. List the prime factors of a.
2, 3, 7, 137
Let r(l) = -l**3 - 3*l**2 - 134*l + 68. List the prime factors of r(-25).
2, 29, 37
Let d(r) = -r - 1. Let y(n) = 87*n + 16. Let t(m) = -4*d(m) + y(m). Let g be t(5). Suppose 49*c = 44*c + g. What are the prime factors of c?
5, 19
Let w(z) = z**2 - 46*z + 128. Let c be w(43). What are the prime factors of 2/(c + -1)*0 + 1276?
2, 11, 29
Let m be (1218/(-63))/(2/(-399)). What are the prime factors of 2/(m/(-644) + 6)?
2, 23
Let j = 5704 - -1025. List the prime factors of j.
3, 2243
Let u be -1 - (1 + 0 + -1). Let c(s) = s**3 - 14*s**2 - 29*s - 15. Let w be c(16). Let y = u + w. What are the prime factors of y?
2
List the prime factors of (16450/21 + -5)/((-12)/(-108)).
3, 5, 467
Let m be (-18)/300*-10 + (-2632)/(-5). Suppose 5*s + t = m + 149, -3*s + t + 404 = 0. List the prime factors of s.
3, 5
Let f be 0 + 7504/12 + 11/(-33). Let w = f - 317. List the prime factors of w.
2, 7, 11
Let g(v) = -v - 19. Let t be g(-22). Suppose t*q + 21 - 33 = 0. Let a = 70 + q. List the prime factors of a.
2, 37
Let z be 0/(5/(20/8)). Suppose -2*g + 5*m - 148 = z, 2*g + 286 = -2*g + 5*m. Let s = 98 + g. List the prime factors of s.
29
Suppose 2*o + 2*x - 4*x = 14, -o = 3*x + 5. Suppose -5*k = -c - o*c - 770, 2*c = -k + 166. List the prime factors of k.
2, 79
Suppose -4*r = 2*z - 51748, -5*z + 3*r = 77062 - 206367. What are the prime factors of z?
2, 53, 61
Suppose -2*v = -0*n + 4*n - 36, 0 = -5*v + 3*n + 25. Suppose 3*b = b + v. What are the prime factors of (3 + 10)*8 + b?
2, 3
Let k(g) = -1476*g**3 - g**2 + g. Let m be k(1). Let l be ((-2)/(-3))/(24/m). Let y = l + 87. What are the prime factors of y?
2, 23
Suppose -45*g = 49*g - 69*g - 340150. What are the prime factors of g?
2, 6803
Let c(y) = -10*y + 7*y + y - 31 + 19*y. List the prime factors of c(6).
71
Let h(q) = 2*q**2 - 3*q + 1324. Let b be h(0). Suppose 2*n + b = 4*u, 3*u + u = -12. What are the prime factors of n/(-6)*24/16?
167
Let f = -31 + 11. Let v = 24 + f. Suppose -2*i + 172 = v*n - 2*n, -2*i - 83 = -n. What are the prime factors of n?
5, 17
Let o(a) = -7*a + 3. Let d be o(-1). Let f be 75/d - 1*1/(-2). Suppose 2*y - f = 0, 2*i = -i + 2*y + 139. What are the prime factors of i?
7
Let v(h) = 2*h**2 - 68*h + 120. What are the prime factors of v(-61)?
2, 5, 1171
Suppose 3*x = -7 + 1. Let s(f) = -94*f + 39. Let p(n) = 94*n - 35. Let d(h) = -4*p(h) - 3*s(h). List the prime factors of d(x).
211
Suppose 155*t - 552838 - 1561207 = 0. List the prime factors of t.
23, 593
Suppose 5*w = -2*d + 27631, -5*w - 9902 = -2*d + 17699. What are the prime factors of 5*((-10)/(-6) + d/240)?
2, 37
Suppose 309*k = 322*k - 19066 - 38108. What are the prime factors of k?
2, 3, 733
Suppose -83*x + 4*s + 46102 = -82*x, 2*s = 3*x - 138276. What are the prime factors of x?
2, 5, 11, 419
Let j(i) = 957*i - 5091. What are the prime factors of j(19)?
2, 3, 1091
Let j(n) = n**3 - 56*n**2 + 105*n + 544. List the prime factors of j(54).
2, 191
Let u(l) = 416*l**2 - 301*l - 1780. List the prime factors of u(-6).
2, 13, 577
Let v(q) = 2*q**3 - 2*q + 2. Let y be v(1). Let l(n) = 3*n**y - 7*n + 8*n - n + 5*n**3. List the prime factors of l(2).
2, 13
Let v be 4*1*(200158/56)/17. Let q = v - 728. List the prime factors of q.
113
Let q be (-15)/(-10) + 9/(-2). Let b(l) = -12*l**3 + 3*l**2 + 12*l + 11. List the prime factors of b(q).
2, 163
Let q = -33 - -37. Suppose -q*j - 2 = -5*j. Suppose f - 200 = -f - j*c, -90 = -f - 3*c. List the prime factors of f.
3, 5, 7
Let i(a) = a**2 + 7*a + 13. Let q(x) = 2*x**2 + 14*x + 27. Let t(o) = 13*i(o) - 6*q(o). Suppose -3*h - 56 = -14. What are the prime factors of t(h)?
3, 5, 7
Suppose 27 - 188 = 3*y + 4*z, 2*y + 4*z = -114. Let p = 51 + y. List the prime factors of 2/p*(44 - -4).
2, 3
Let t(s) = 3*s - 21. Suppose -3*x + 0*n = -n - 17, 2*x - n - 10 = 0. Let g be t(x). Suppose 4*y - 330 + 106 = g. List the prime factors of y.
2, 7
Let z be -152 - (1 - 8)/7. Let m = 299 + z. What are the prime factors of m?
2, 37
Let t(f) = 13 - 25*f - 10 - 17*f - 12. List the prime factors of t(-7).
3, 5, 19
Suppose 5*h = z + 160, -h - 112 = -5*h + 4*z. Let t = h + -26. What are the prime factors of (410 + t)*((-2)/3)/(-2)?
139
Let g = -532 + -84. Let j = 761 + g. List the prime factors of j.
5, 29
Let v be 22/(-11)*(-2163)/(-6). Let g = 1064 + v. What are the prime factors of g?
7
Suppose 65*c - j - 42285 = 62*c, 0 = 5*c + 2*j - 70497. What are the prime factors of c?
3, 37, 127
Let r(s) = -890*s - 4033. List the prime factors of r(-28).
20887
Suppose 14*f + 77727 = 252041. What are the prime factors of f?
12451
Let d be ((4 - 2)*(-4)/2)/(-1). Suppose -5*f = d*i - 50 + 14, 4*f - 5*i = 37. Suppose 10*s - 366 = f*s